illions digit of 18625744?
8
What is the ten thousands digit of 736569?
3
What is the hundred thousands digit of 25042201?
0
What is the tens digit of 8380774?
7
What is the thousands digit of 198956?
8
What is the tens digit of 1529672?
7
What is the units digit of 395299?
9
What is the tens digit of 2399928?
2
What is the units digit of 17441266?
6
What is the ten thousands digit of 239531?
3
What is the hundred thousands digit of 11909203?
9
What is the millions digit of 3251469?
3
What is the units digit of 16893146?
6
What is the hundred thousands digit of 1556833?
5
What is the hundred thousands digit of 724165?
7
What is the thousands digit of 361417?
1
What is the hundred thousands digit of 594171?
5
What is the millions digit of 31586814?
1
What is the hundreds digit of 114699?
6
What is the tens digit of 953316?
1
What is the hundreds digit of 16821309?
3
What is the ten thousands digit of 10967336?
6
What is the tens digit of 571478?
7
What is the hundreds digit of 2345160?
1
What is the units digit of 2358630?
0
What is the ten thousands digit of 4485170?
8
What is the hundreds digit of 949654?
6
What is the hundreds digit of 126519?
5
What is the tens digit of 876833?
3
What is the hundred thousands digit of 1302336?
3
What is the hundreds digit of 811186?
1
What is the ten thousands digit of 162797?
6
What is the millions digit of 10124336?
0
What is the tens digit of 1025382?
8
What is the hundreds digit of 174937?
9
What is the hundred thousands digit of 22683356?
6
What is the units digit of 3764783?
3
What is the ten thousands digit of 3374439?
7
What is the ten millions digit of 12289658?
1
What is the ten thousands digit of 384675?
8
What is the thousands digit of 100845?
0
What is the units digit of 102020?
0
What is the hundreds digit of 1322649?
6
What is the ten thousands digit of 3791023?
9
What is the thousands digit of 1144404?
4
What is the tens digit of 1197653?
5
What is the millions digit of 16285251?
6
What is the hundreds digit of 310027?
0
What is the hundreds digit of 797547?
5
What is the thousands digit of 9222515?
2
What is the units digit of 239846?
6
What is the millions digit of 1256592?
1
What is the units digit of 476694?
4
What is the units digit of 2265862?
2
What is the hundreds digit of 968048?
0
What is the units digit of 1212761?
1
What is the hundreds digit of 11516593?
5
What is the hundreds digit of 1030160?
1
What is the ten thousands digit of 3608313?
0
What is the hundred thousands digit of 1083867?
0
What is the hundred thousands digit of 492419?
4
What is the millions digit of 5517298?
5
What is the hundreds digit of 8534988?
9
What is the hundred thousands digit of 947477?
9
What is the units digit of 132212?
2
What is the ten thousands digit of 169231?
6
What is the hundred thousands digit of 5820102?
8
What is the ten thousands digit of 1406437?
0
What is the tens digit of 452541?
4
What is the hundreds digit of 375762?
7
What is the ten millions digit of 18620090?
1
What is the hundred thousands digit of 898238?
8
What is the units digit of 472018?
8
What is the hundred thousands digit of 9526741?
5
What is the ten thousands digit of 291488?
9
What is the hundreds digit of 552842?
8
What is the hundred thousands digit of 1689376?
6
What is the hundreds digit of 170058?
0
What is the ten thousands digit of 1069285?
6
What is the thousands digit of 3467664?
7
What is the thousands digit of 236860?
6
What is the units digit of 265372?
2
What is the hundreds digit of 50278?
2
What is the ten thousands digit of 88040?
8
What is the millions digit of 3792811?
3
What is the hundreds digit of 191570?
5
What is the units digit of 914149?
9
What is the thousands digit of 718347?
8
What is the hundred thousands digit of 30097577?
0
What is the thousands digit of 298638?
8
What is the units digit of 597151?
1
What is the millions digit of 1041944?
1
What is the hundreds digit of 169377?
3
What is the ten thousands digit of 355398?
5
What is the tens digit of 20084408?
0
What is the thousands digit of 279063?
9
What is the tens digit of 82512?
1
What is the tens digit of 1055120?
2
What is the units digit of 3910435?
5
What is the units digit of 35305026?
6
What is the hundreds digit of 31578644?
6
What is the tens digit of 1207027?
2
What is the thousands digit of 979538?
9
What is the units digit of 7720?
0
What is the millions digit of 1555764?
1
What is the tens digit of 507254?
5
What is the ten millions digit of 25080961?
2
What is the units digit of 170210?
0
What is the hundred thousands digit of 5193531?
1
What is the hundred thousands digit of 867222?
8
What is the hundred thousands digit of 11938082?
9
What is the hundred thousands digit of 9082961?
0
What is the hundreds digit of 74736?
7
What is the hundred thousands digit of 221439?
2
What is the millions digit of 1106613?
1
What is the hundred thousands digit of 784475?
7
What is the tens digit of 6222859?
5
What is the units digit of 438317?
7
What is the units digit of 1482614?
4
What is the hundred thousands digit of 2149431?
1
What is the thousands digit of 10179574?
9
What is the hundreds digit of 1036541?
5
What is the tens digit of 298489?
8
What is the hundred thousands digit of 28008004?
0
What is the thousands digit of 20730?
0
What is the units digit of 14385484?
4
What is the tens digit of 107722?
2
What is the thousands digit of 200523?
0
What is the hundred thousands digit of 1776500?
7
What is the thousands digit of 6577929?
7
What is the units digit of 227332?
2
What is the hundreds digit of 1774841?
8
What is the thousands digit of 230469?
0
What is the thousands digit of 661603?
1
What is the units digit of 164565?
5
What is the millions digit of 10144429?
0
What is the tens digit of 2924350?
5
What is the units digit of 2777073?
3
What is the hundreds digit of 7905982?
9
What is the tens digit of 746674?
7
What is the hundred thousands digit of 8548141?
5
What is the hundreds digit of 2008197?
1
What is the millions digit of 10404459?
0
What is the hundred thousands digit of 305868?
3
What is the tens digit of 117974?
7
What is the ten thousands digit of 377229?
7
What is the hundreds digit of 2291716?
7
What is the ten thousands digit of 990970?
9
What is the units digit of 5300693?
3
What is the ten thousands digit of 775878?
7
What is the hundred thousands digit of 430617?
4
What is the hundreds digit of 961504?
5
What is the hundred thousands digit of 3734356?
7
What is the tens digit of 397314?
1
What is the thousands digit of 520432?
0
What is the tens digit of 2396119?
1
What is the ten millions digit of 18566425?
1
What is the millions digit of 2962666?
2
What is the tens digit of 113461?
6
What is the units digit of 1120433?
3
What is the hundreds digit of 3443499?
4
What is the thousands digit of 10701973?
1
What is the hundreds digit of 408935?
9
What is the ten thousands digit of 107037?
0
What is the hundreds digit of 7984026?
0
What is the millions digit of 2585507?
2
What is the ten thousands digit of 4858878?
5
What is the thousands digit of 81814?
1
What is the ten thousands digit of 28272423?
7
What is the tens digit of 338570?
7
What is the ten thousands digit of 2987960?
8
What is the units digit of 386439?
9
What is the units digit of 35212614?
4
What is the ten thousands digit of 598302?
9
What is the units digit of 45256?
6
What is the units digit of 1346297?
7
What is the millions digit of 7985223?
7
What is the hundred thousands digit of 140731?
1
What is the hundreds digit of 173875?
8
What is the thousands digit of 6811696?
1
What is the hundred thousands digit of 5121735?
1
What is the tens digit of 15929346?
4
What is the millions digit of 9069562?
9
What is the units digit of 1362348?
8
What is the hundred thousands digit of 279607?
2
What is the tens digit of 85301?
0
What is the hundreds digit of 104663?
6
What is the tens digit of 153337?
3
What is the ten thousands digit of 7552437?
5
What is the thousands digit of 99616?
9
What is the thousands digit of 1095984?
5
What is the units digit of 244570?
0
What is the tens digit of 29178?
7
What is the hundred thousands digit of 1842933?
8
What is the thousands digit of 12081686?
1
What is the hundreds digit of 6809463?
4
What is